termine a(-2).
-27
Let o(k) = k**3 - 3*k**2 - 4*k - 6. Determine o(4).
-6
Let z(h) = 2*h**2 - 1. Calculate z(-2).
7
Let j(r) = -r + 7. Calculate j(0).
7
Let l(t) = 2*t - 22. Give l(11).
0
Let d(j) = -j**3 + 4*j**2 + 6*j + 1. Determine d(5).
6
Let i(u) = 19*u**3 + u**2. Calculate i(-1).
-18
Let a(v) = -v + 7. Determine a(2).
5
Let t(s) = -s**2 + 15*s + 13. Calculate t(19).
-63
Let v(y) = -2*y**2 + 26*y - 101. What is v(6)?
-17
Let a(v) = 10*v - 3. Calculate a(1).
7
Let f(m) = 18*m + 178. Determine f(-11).
-20
Let o(b) = -15*b**2 - 5*b + 19. Give o(2).
-51
Let a(p) = -p**3 - 16*p**2 + 20*p + 40. What is a(-17)?
-11
Let h(r) = r**2 + 43*r + 227. Give h(-37).
5
Let d(t) = -t**2 + 6*t - 6. Give d(7).
-13
Let g(d) = -d**2 + 10*d - 8. Determine g(7).
13
Let q(u) = 3*u**2 + 152*u + 112. Calculate q(-50).
12
Let i(c) = -c**3 + c - 6. Determine i(0).
-6
Let c(w) = w**3 - 10*w**2 - 12*w + 5. Give c(11).
-6
Let a(l) = -11*l**3 + 2*l**2 - 2*l. What is a(1)?
-11
Let z(w) = -52*w - 13. Determine z(-1).
39
Let v(r) = -6*r**2 - 11*r - 9. What is v(-4)?
-61
Let q(p) = -p**2 - 5*p + 6. Calculate q(-5).
6
Let r(j) = -j - 48. Give r(-13).
-35
Let d(m) = m**3 - 17*m**2 - 17*m - 25. Determine d(18).
-7
Let n(k) = -9*k - 569. Calculate n(-64).
7
Let d(h) = 3*h**2 - h + 4. What is d(3)?
28
Let y(p) = -p**3 - 3*p**2 + p + 1. Give y(-4).
13
Let z(q) = -q - 14. Calculate z(22).
-36
Let o(b) = b**2 - 12*b + 13. Calculate o(10).
-7
Let z(q) = -6*q + 1. Determine z(1).
-5
Let q(x) = x**2 - 4*x - 1. Calculate q(-1).
4
Let m(q) = -4*q**2 - 6*q + 5. Determine m(2).
-23
Let b(n) = -2*n**3 - 16*n**2 - 33*n - 3. Calculate b(-5).
12
Let v(r) = -r - 2. What is v(-7)?
5
Let h(o) = 7*o**3 + o**2 - 1. What is h(-1)?
-7
Let z(q) = 3*q**2 - 5*q + 2. What is z(3)?
14
Let z(d) = -3*d**3 + 23*d**2 + 12*d - 8. Determine z(8).
24
Let b(n) = n**2 - 35*n + 308. Give b(16).
4
Let w(p) = p**2 - 3*p - 4. Determine w(6).
14
Let j(b) = b**2 + 18*b - 9. Calculate j(-15).
-54
Let q(x) = x**3 + 8*x**2 + 2*x - 2. Calculate q(-8).
-18
Let v(b) = -3*b**2 - 6*b + 21. Give v(4).
-51
Let a(j) = -j**2 + 15*j + 53. What is a(18)?
-1
Let i(y) = 48*y**2 - 2*y. Give i(-1).
50
Let g(f) = f**2 + 6*f + 6. Determine g(-6).
6
Let l(a) = a**3 - 5*a**2 - 8*a + 4. Give l(7).
46
Let l(d) = -4*d**2 + d + 18. Calculate l(6).
-120
Let d(w) = -w**3 - 9*w - 1. Calculate d(3).
-55
Let m(f) = 9*f**2 + 360*f + 3. Calculate m(-40).
3
Let q(v) = 11*v - 59. Calculate q(6).
7
Let k(i) = i**2 - 6*i + 4. Give k(-5).
59
Let o(j) = -13*j - 381. What is o(-28)?
-17
Let r(b) = -9*b + 406. Calculate r(45).
1
Let m(k) = 6*k - 25. Give m(3).
-7
Let c(p) = 3*p**2 - 5*p. Calculate c(-4).
68
Let h(f) = f**3 + 5*f**2 + 2*f + 4. Determine h(-5).
-6
Let l(z) = -z**2 + 49. What is l(7)?
0
Let g(k) = -k**3 + 25*k**2 - 25*k + 20. Give g(24).
-4
Let o(x) = -3*x - 1. What is o(6)?
-19
Let b(l) = l**2 - 15*l. What is b(18)?
54
Let r(u) = u**2 - 25*u + 7. What is r(0)?
7
Let d(a) = 2*a**2 + 41*a + 64. What is d(-19)?
7
Let y(t) = -t**2 + 3*t - 4. Calculate y(3).
-4
Let j(t) = -t**3 - 10*t**2 + 10*t - 17. Determine j(-11).
-6
Let k(h) = -h**3 - 6*h**2 - 8*h - 3. Give k(-3).
-6
Let x(c) = -2*c - 12. What is x(-14)?
16
Let j(o) = -2*o**2 - 9*o - 1. Give j(-4).
3
Let l(y) = -2*y**2 - 2*y - 56. Give l(0).
-56
Let t(u) = -24*u - 28. Determine t(-3).
44
Let x(h) = -3*h + 1. Calculate x(6).
-17
Let p(h) = h**3 - 7*h**2 + h + 2. Determine p(7).
9
Let c(z) = -z**3 - 2*z**2 + 2*z + 1. Determine c(-2).
-3
Let b(f) = f**3 - 5*f**2 + 8*f - 12. Calculate b(4).
4
Let v(f) = f + 16. What is v(-7)?
9
Let v(u) = -128*u + 382. Calculate v(3).
-2
Let s(p) = p**2 + 7*p + 17. Determine s(-5).
7
Let j(v) = -v**3 + 15*v**2 + 34*v - 2. Calculate j(17).
-2
Let z(m) = -m**3 - 11*m**2 - 8*m + 10. What is z(-10)?
-10
Let g(k) = k**3 + 15*k**2 - 23*k + 15. Give g(-16).
127
Let l(f) = 7*f + 4. Determine l(-9).
-59
Let z(a) = a**3 - 3*a**2 + a - 7. What is z(3)?
-4
Let s(w) = -w**3 - 10*w**2 + 13*w + 1. Calculate s(-11).
-21
Let z(q) = -q**2 - 9*q - 10. Calculate z(-6).
8
Let x(a) = 6*a**2 + 6*a + 5. What is x(-1)?
5
Let f(m) = -33*m**3 + 1. Calculate f(-1).
34
Let w(h) = h**3 + h**2 - 17*h - 4. Calculate w(-4).
16
Let p(t) = 4*t + 9. What is p(-4)?
-7
Let p(y) = -y**3 + 10*y**2 - 12*y + 25. Give p(9).
-2
Let x(k) = -4*k - 7. Give x(6).
-31
Let v(u) = 2*u - 19. Give v(9).
-1
Let d(g) = 9*g + 1. Calculate d(-1).
-8
Let y(t) = t**2 - t + 5. Determine y(5).
25
Let s(b) = -b**2 - 23*b + 15. Calculate s(-24).
-9
Let a(v) = -11*v + 1. Determine a(2).
-21
Let i(d) = -d**3 - 2*d**2 - 1. Determine i(-3).
8
Let u(a) = 7*a - 5. Give u(6).
37
Let s(x) = x + 8. What is s(-8)?
0
Let j(h) = -h**3 + 9*h**2 - 12*h - 6. What is j(7)?
8
Let j(w) = -w**2 + 13*w + 9. Give j(0).
9
Let i(d) = d**3 + 7*d**2 - 2*d + 1. What is i(-7)?
15
Let z(k) = k**2 - 13*k + 33. Calculate z(6).
-9
Let z(w) = -2*w**3 + 14*w**2 + 11*w - 9. Calculate z(8).
-49
Let b(p) = p**3 + 2*p**2 + 3*p - 4. What is b(-3)?
-22
Let f(y) = y**3 - 14*y**2 + 11*y + 13. Calculate f(13).
-13
Let n(m) = -m**3 - 7*m**2 + 4*m - 8. Give n(-8).
24
Let f(u) = -u**2 + 9. Give f(-4).
-7
Let c(l) = 3*l + 13. Give c(6).
31
Let s(k) = -2*k**2 + 2*k - 6. Determine s(2).
-10
Let p(h) = -h**2 + 44*h - 164. Give p(40).
-4
Let p(q) = -28*q + 10. What is p(-5)?
150
Let u(s) = -s**2 - 21*s - 45. Determine u(-2).
-7
Let i(p) = 3*p**2 + 3*p - 3. Give i(2).
15
Let h(f) = -f**3 - 8*f**2 - 6*f - 44. What is h(-8)?
4
Let a(r) = r**2 - 8*r + 9. Calculate a(3).
-6
Let z(p) = -p. Calculate z(-11).
11
Let w(j) = j + 10. What is w(10)?
20
Let l(i) = -48*i - 167. Calculate l(-4).
25
Let u(t) = t**2 - 4*t + 1. What is u(5)?
6
Let p(k) = 5*k**2 + k + 5. What is p(-5)?
125
Let o(z) = z**2 - 13*z + 29. Calculate o(10).
-1
Let l(i) = -6*i**3 + 5*i + 2. Determine l(-2).
40
Let m(j) = 26*j + 110. Calculate m(-7).
-72
Let n(b) = -2*b**2 + 13*b - 32. Determine n(5).
-17
Let r(i) = -38*i**3 + i - 2. Give r(1).
-39
Let n(p) = p**2 + 9*p - 121. Determine n(8).
15
Let k(i) = 31*i**2 - 4*i + 3. What is k(1)?
30
Let y(o) = o**3 - 12*o**2 - 14*o + 7. Determine y(13).
-6
Let v(n) = -n**2 + 8*n - 8. Determine v(10).
-28
Let j(h) = 7*h**2 - 32*h + 20. What is j(4)?
4
Let t(z) = 13*z**2 - 28*z + 2. Calculate t(2).
-2
Let w(s) = 5*s + 28. What is w(-6)?
-2
Let z(v) = -v**3 + 14*v**2 - 40*v - 1. Determine z(10).
-1
Let j(s) = 4*s**2 + 27*s - 3. Give j(-6).
-21
Let m(o) = -2*o - 10. Give m(-13).
16
Let d(s) = -4*s + 2. Calculate d(9).
-34
Let j(i) = i + 29. What is j(-14)?
15
Let u(x) = 6*x**2 + 11*x + 11. Give u(-4).
63
Let k(l) = l**3 - 4*l**2 - l + 6. Calculate k(3).
-6
Let f(n) = -n**2 - n + 14. Calculate f(-8).
-42
Let u(r) = -r + 5. What is u(-7)?
12
Let b(q) = 2*q**2 + 8*q + 3. Give b(-6).
27
Let f(j) = 4*j**3 + 2*j**2 - j + 2. Determine f(-2).
-20
Let a(d) = -d**2 + d + 22. What is a(5)?
2
Let j(x) = 2*x**2 - 9*x - 27. Give j(6).
-9
Let b(a) = -a**3 - 8*a**2 + 4*a - 5. Give b(-9).
40
Let j(k) = -k**3 - 7*k**2 + 5*k - 19. Calculate j(-8).
5
Let q(p) = -p + 11. Determine q(18).
-7
Let o(t) = t**3 + 9*t**2 - 69*t - 10. Calculate o(-14).
-24
Let n(o) = -13*o + 6. Determine n(-4).
58
Let i(b) = b**2 + 8*b - 13. What is i(-9)?
-4
Let w(o) = -19*o + 245. Calculate w(13).
-2
Let l(a) = 4*a - 4. Calculate l(7).
24
Let o(f) = -f**2 - 10*f + 3. Calculate o(-6).
27
Let j(l) = l + 9. Calculate j(17).
26
Let b(n) = n**3 + n**2 + 1. Determine b(-3).
-17
Let a(q) = -q**3 + q - 5. Calculate a(0).
-5
Let k(g) = -g**2 + 18*g - 18. Calculate k(4).
38
Let z(q) = -q**3 + 7*q**2 + 2*q + 10. Calculate z(8).
-38
Let h(w) = 13*w - 143. Calculate h(12).
13
Let k(g) = -19*g + 120. Determine k(6).
6
Let g(p) = p - 9. What is g(3)?
-6
Let c(q) = -q**2 - 15*q - 45. What is c(-3)?
-9
Let m(n) = 2*n**2 + 6*n - 4. What is m(-5)?
16
Let w(x) = x**3 - 6*x**2 + 9*x + 7. Determine w(2).
9
Let q(a) = -4*a + 4. Calculate q(-5).
24
Let g(b) = -6*b + 6. Calculate g(1).
0
Let j(p) = -p**3 + 8*p**2 + 8*p. Calculate j(9).
-9
Let s(w) = -w**3 + 6*w**2 - 7*w + 5. Determine s(4).
9
Let g(c) = -c**3 - 10*c**2 + 39. What is g(-9)?
-42
Let m(u) = 27*u + 137. Give m(-5).
2
Let r(v) = 6*v**2 + 28*v - 24. Give r(-7).
74
Let l(h) = -h**3 + 29*h**2 - 53*h - 33. Give l(27).
-6
Let z(t) = 2*t**2 + 72*t + 7. Calculate z(-36).
7
Let h(w) = -14*